mon divisor of w and j?
11
Suppose 0 = 4*k - 38 - 10. What is the greatest common factor of k and 4?
4
Let l(q) = 3*q. Let m be l(6). Suppose 0 = j + 5*y - 31, -102*y + 2 = -104*y. What is the highest common factor of j and m?
18
Let w be (36/30)/((-6)/(-160)). Suppose 0 = -2*y - y - 5*z + w, -2*y + 24 = 4*z. Suppose -y*k + 353 = 53. Calculate the greatest common factor of 25 and k.
25
Suppose -2040 = -12*w + 3672. What is the highest common factor of w and 34?
34
Let d(l) = l**2 + 37*l - 41. Let i be d(36). What is the greatest common factor of i and 13?
13
Let h = 20 + -10. Suppose -4*c = -23*c + 190. What is the highest common factor of h and c?
10
Let u(x) = -20*x + 15. Let g be u(-3). Let o be g/2*3*(-3 + 5). Calculate the highest common divisor of 90 and o.
45
Suppose -m - p + 4 = 0, 4*m - 2*p + 5*p - 15 = 0. Suppose m*k - k = 4*y - 100, -y + 31 = k. Calculate the greatest common divisor of 36 and y.
9
Suppose 132 = 2*s + 2*s. Let o = -127 + 193. Calculate the highest common divisor of s and o.
33
Let a be 60/18*-1*129/(-2). What is the highest common factor of a and 258?
43
Let j(k) = -k**2 + k + 6. Let g be j(0). Suppose 5*v = -n + 919, 3*v + v - 2*n = 738. Suppose -3*u - 58 + v = 0. Calculate the highest common factor of g and u.
6
Suppose 0 = 5*h - 2 - 8. Suppose -7*b + 55 = -h*b. Calculate the greatest common factor of b and 11.
11
Suppose 21*g = 13*g + 480. Suppose g - 8 = 4*y. What is the greatest common factor of y and 169?
13
Suppose 2*q = -4*w + 90, 0 = 7*q - 2*q + 4*w - 195. Let k = -32 + q. Let b(p) = 3*p**2 - 3*p. Let o be b(2). What is the greatest common factor of o and k?
3
Suppose -4*c + 4*x + 464 = 0, -3*x = c + c - 247. Calculate the greatest common factor of c and 34.
17
Let a = -485 - -521. Let w be 143/4 - 1/(-4). Calculate the highest common divisor of w and a.
36
Suppose -1041*x + 215 = -1036*x. What is the greatest common factor of 1 and x?
1
Let j be 12383/28 + 4/(-16). What is the greatest common factor of j and 26?
26
Let h = -20 + 13. Let f(m) = m**2 + 3*m - 7. Let u be f(h). Suppose -2*x + 20 = 4*o, 2*o = 3*x - o - u. What is the greatest common divisor of x and 40?
8
Let m(n) = -10*n - 1. Let u be m(-3). Let t = u + 35. Let z(l) = 6*l**2 - l + 1. Let q be z(-1). What is the highest common factor of q and t?
8
Suppose -204 = 4*c + 2*c. Let s = c - -46. Calculate the highest common divisor of s and 132.
12
Suppose 2*c - 6*n = -2*n - 12, -4*n = -20. Let q be 58/c - 9/(-18). Let y be (4/6*-3)/((-1)/3). Calculate the greatest common divisor of q and y.
3
Let u(s) = -2*s**2 - 9*s + 5. Let j be u(-3). What is the highest common divisor of j and 1246?
14
Suppose -4*x = -2*w - 3870, 3*x + w - 986 = 1919. Let m = 1683 - x. Calculate the greatest common divisor of m and 65.
65
Let s = 0 + 2. Let b(l) = -8*l - 18. Let u be b(-5). Suppose s*p - u = p. What is the greatest common factor of p and 22?
22
Let r be 4/(-3)*(52/(-8) + 2). What is the highest common factor of r and 2250?
6
Suppose 3*s + s = 136. Let w = 65 - s. Calculate the highest common divisor of 341 and w.
31
Let w(y) = -25*y**2 + 9*y - 10. Let r be w(5). Let n = -304 - r. What is the highest common factor of n and 26?
26
Let u be -1*-178*(-1)/2. Let h = -37 - u. Suppose -14*f + 248 = 66. Calculate the highest common divisor of f and h.
13
Suppose -2*b + 0*p + 213 = -p, -b - p + 99 = 0. Calculate the greatest common divisor of b and 4.
4
Let i(h) = -2*h - 14. Let z(p) = p + 7. Let j(t) = 3*i(t) + 7*z(t). Let q be j(3). Calculate the greatest common factor of 80 and q.
10
Let o = 1524 + -1472. What is the greatest common factor of o and 65?
13
Let m(r) be the first derivative of -5*r**2/2 - r + 3. Let z be m(-1). Suppose 9*j + 0 = 9. Calculate the highest common divisor of z and j.
1
Let w be ((-5928)/(-1596))/(1/7). What is the highest common factor of w and 65?
13
Let h be 2*((-1)/3 - 126/27). Let d(w) = 6*w**2 + 3 + 2*w**3 - 16*w**2 - 3*w**3. Let y be d(h). Calculate the highest common divisor of 3 and y.
3
Let y(l) = 3*l + 10. Let q be y(-6). Let j be 6/q + (-189)/(-12). Let u be (12/j)/((-10)/(-75)). What is the highest common divisor of 2 and u?
2
Let s(c) = -3*c + 35. Let a be s(6). Calculate the highest common factor of a and 119.
17
Let f = 24 - -360. What is the highest common factor of f and 24?
24
Let q = -2048 - -2070. Suppose -m - 5*f = -28, 2*m + 3*f - 61 = 2. What is the greatest common divisor of q and m?
11
Let b be (9 + -3 - 8)*50/(-4). Calculate the highest common factor of 50 and b.
25
Let g = 12 + -10. Suppose -3*u = -g*w + 6*w - 351, 0 = 2*w - 2*u - 158. Calculate the highest common factor of w and 12.
12
Let j be 2 - 0/((-2)/(2 - 0)). Suppose -j*l - 14 = -4*l. Calculate the highest common divisor of l and 21.
7
Suppose 1975*t - 1950*t = 2275. Calculate the highest common divisor of 7 and t.
7
Let w(f) be the first derivative of 9*f**2/2 + 18*f + 15. Let b be w(6). What is the highest common divisor of b and 18?
18
Let f be (3 + 80/(-25))*0 + 4. What is the greatest common factor of 3 and f?
1
Suppose -32*n + 34*n = 6. Suppose n*b - 7 = -19, 0 = 2*m + 3*b - 10. What is the greatest common divisor of 77 and m?
11
Suppose 4*b - 6 = 70. Suppose 289 + 53 = 2*t. What is the highest common factor of b and t?
19
Let g(h) = h**3 - 34*h**2 + 2*h + 55. Let v be g(35). Calculate the greatest common divisor of 216 and v.
54
Let a = 571 + 111. Calculate the highest common divisor of a and 22.
22
Suppose -2*z - 31 = -5*f, f + 5*z - 58 = -41. What is the greatest common factor of f and 301?
7
Suppose 512 = -2*b + 526. Let j be -1 + (-1)/(2/(-72)). What is the greatest common factor of b and j?
7
Let c(i) = -26*i - 14. Let w be c(1). Let z = w + 60. What is the greatest common divisor of 20 and z?
20
Let y be -30*(84/(-15))/1. Let j(v) = 4*v**3 + 2*v**2 + 2*v + 3. Let c be j(-2). Let l = c + 46. What is the highest common factor of y and l?
21
Let h(i) = i**2 + 3*i - 14. Let w be h(0). Let n = 14 - w. Let o = 5 + 2. Calculate the highest common factor of o and n.
7
Let b(g) = 2*g. Let o be b(6). Suppose -o = m - 22. What is the highest common divisor of m and 30?
10
Suppose -8*n - 18 + 34 = 0. What is the greatest common factor of n and 2?
2
Let v = 10 - -8. Suppose -6*g + 1019 - 47 = 0. Calculate the highest common factor of v and g.
18
Suppose 5*a - 101 = -b, 5*b + 20 = -0*b. What is the highest common divisor of 252 and a?
21
Suppose 1111 = 7*z + 1104. Calculate the greatest common divisor of z and 32.
1
Let i(a) = -a**3 - 6*a**2 + 15*a + 15. Let g be i(-11). Suppose 9*s = 4*s + g. What is the greatest common factor of 7 and s?
7
Suppose 16 = 4*g + 44. Let d be ((-36)/15)/(3/10). Let i be ((-6)/d)/(g/(-84)). What is the greatest common factor of 18 and i?
9
Suppose -154 = -3*m + 5*s + 6, 5*s - 280 = -5*m. What is the greatest common divisor of 110 and m?
55
Let h be (-7272)/(-522) + 4/58. Suppose q - 468 = -2*q + 2*f, 0 = 3*q + 4*f - 450. What is the greatest common factor of q and h?
14
Let l(z) = 3*z**2 - 50*z + 187. Let r be l(4). What is the highest common divisor of r and 119?
7
Suppose 11*s + 5 = 16*s. Calculate the highest common divisor of 16 and s.
1
Let s(u) = u**3 + 11*u**2 - 27*u - 3. Let d be s(-13). What is the highest common factor of d and 38?
2
Suppose 4*x - 4 + 12 = 0. Let w be 0 + (1 - x - -3). Let s be (w/4)/((-6)/(-160)). Calculate the highest common factor of 100 and s.
20
Let s(r) = 2*r**2 + 12*r - 10. Let m be s(-8). Suppose o - m = -5*z + 7, 0 = -4*o + 4*z + 20. What is the greatest common factor of o and 99?
9
Let y be (-2)/(4/48*-2). Let p = 10 + -1. Suppose 3*a + p = 21. What is the highest common divisor of y and a?
4
Suppose 2*u = -3*g - 7, -2*u - g = 9 + 4. Let j = 38 + u. Suppose -4*k - 2*f = -6*k + 144, -2*k + 156 = 2*f. What is the greatest common factor of j and k?
15
Let k be ((-21)/(-14))/((-15)/(-80))*1. What is the greatest common factor of k and 164?
4
Suppose 6*b - 5*b = 0. Suppose -5*c - 22 - 38 = b. Let h be 170/3 + c/(-36). Calculate the greatest common factor of h and 38.
19
Let f be (-2 - -2) + -2 + (-1 - -1). Let g be 4 + (f - -1) + -1. What is the greatest common divisor of g and 10?
2
Suppose -8 = -3*z - z. Suppose 0 = z*x + 26 + 2. Let a be (-670)/x - 7/(-49). Calculate the greatest common div